{"id":6391,"date":"2012-03-18T11:32:04","date_gmt":"2012-03-18T10:32:04","guid":{"rendered":"http:\/\/anscharius.wordpress.com\/?page_id=6391"},"modified":"2012-03-18T11:32:04","modified_gmt":"2012-03-18T10:32:04","slug":"nikon-f4","status":"publish","type":"page","link":"https:\/\/www.nikonhumors.com\/?page_id=6391","title":{"rendered":"Nikon F4"},"content":{"rendered":"<span class=\"embed-youtube\" style=\"text-align:center; display: block;\"><iframe loading=\"lazy\" class=\"youtube-player\" width=\"950\" height=\"535\" src=\"https:\/\/www.youtube.com\/embed\/C6eWGbaBbxc?version=3&#038;rel=1&#038;showsearch=0&#038;showinfo=1&#038;iv_load_policy=1&#038;fs=1&#038;hl=de-DE&#038;autohide=2&#038;wmode=transparent\" allowfullscreen=\"true\" style=\"border:0;\" sandbox=\"allow-scripts allow-same-origin allow-popups allow-presentation allow-popups-to-escape-sandbox\"><\/iframe><\/span>\n<p>Mit der Nikon F4 stellte Nikon im Jahr 1988 die erste Profi-Kamera aus eigenem Hause vor, bei der ein Autofokussystem in das Kamerageh\u00e4use integriert war. Es ist die zweiter Zusammenarbeit mit dem Designer\u00a0Giorgio Giugiaro. Die F4 war kein wirklich gro\u00dfer Erfolg, da Canon parallel eine etwas fortschrittlichere Kamera am Start hatte. Auch war die Nachfrage nach der F3 ungebrochen, so dass die eigentlich \u00e4ltere F3 noch bis 2003 gebaut wurde.<\/p>\n<p>Fr\u00fche Modelle der Nikon F4 hatten h\u00e4ufig mit Problemen der Blendensteuerung der Objektive zu k\u00e4mpfen. Viele Benutzer hatten daher den Eindruck, dass der Belichtungsmesser der F4 unzuverl\u00e4ssig sei. Dies traf aber nicht zu, vielmehr war es ein Problem das auftrat wenn Bilder mit kleiner Blenden\u00f6ffnung gemacht werden sollte. Bei Exemplaren der F4 mit einer Seriennummer die kleiner als 24xxxxxxx war, konnte man diesen Ph\u00e4nomen beobachten. In heutiger Zeit haben Kameras wie die Fuji Finepix X100 noch mit einem sehr \u00e4hnlichen Problem zu k\u00e4mpfen.<\/p>\n<p>Beim Kauf einer gebrauchten Nikon F4 sollte man unbedingt sicherstellen, dass sich bspw. bei einer langen Verschlusszeit von 1s und Blende 22, die Blende schnell und sichtbar auf den kleinsten Wert schlie\u00dft.<\/p>\n<p>Hier einige Bilder meiner Nikon F4.<\/p>\n<p><a href=\"http:\/\/anscharius.files.wordpress.com\/2012\/03\/5009315.jpg\"><img loading=\"lazy\" decoding=\"async\" class=\"alignnone size-full wp-image-6395\" title=\"5009315\" src=\"http:\/\/anscharius.files.wordpress.com\/2012\/03\/5009315.jpg\" alt=\"Nikon F4 mit AF-D 1.4\/85mm\" width=\"590\" height=\"422\" \/><\/a><\/p>\n<p><a href=\"http:\/\/anscharius.files.wordpress.com\/2012\/03\/4792219.jpg\"><img loading=\"lazy\" decoding=\"async\" class=\"alignnone size-full wp-image-6394\" title=\"4792219\" src=\"http:\/\/anscharius.files.wordpress.com\/2012\/03\/4792219.jpg\" alt=\"Nikon F4 Detail\" width=\"590\" height=\"401\" \/><\/a><\/p>\n<p>Hier bin ich mit meiner F4s und dem Sigma 2.8\/105mm Macro zu sehen.<\/p>\n<p><a href=\"http:\/\/anscharius.files.wordpress.com\/2012\/03\/ansgar-mit-nikon-f4.jpg\"><img loading=\"lazy\" decoding=\"async\" class=\"alignnone size-full wp-image-6396\" title=\"Ansgar-Mit-Nikon-F4\" src=\"http:\/\/anscharius.files.wordpress.com\/2012\/03\/ansgar-mit-nikon-f4.jpg\" alt=\"Ansgar mit Nikon F4 und Sigmar 2.8\/105mm Macro\" width=\"590\" height=\"407\" \/><\/a><\/p>\n<p>Hier bin ich im Botanischen Garten der Stadt Bonn mit meiner F4s und einem Sigma Telezoom.<\/p>\n<p><a href=\"http:\/\/anscharius.files.wordpress.com\/2012\/03\/3703425.jpg\"><img loading=\"lazy\" decoding=\"async\" class=\"alignnone size-full wp-image-6397\" title=\"3703425\" src=\"http:\/\/anscharius.files.wordpress.com\/2012\/03\/3703425.jpg\" alt=\"Ansgar mit Nikon F4s und Sigma Telezoom\" width=\"590\" height=\"392\" \/><\/a><\/p>\n<p>Hier eines der Fotos das in diesem Augenblick entstanden ist.<\/p>\n<p><a href=\"http:\/\/anscharius.files.wordpress.com\/2012\/03\/3717513.jpg\"><img loading=\"lazy\" decoding=\"async\" class=\"alignnone size-full wp-image-6398\" title=\"3717513\" src=\"http:\/\/anscharius.files.wordpress.com\/2012\/03\/3717513.jpg\" alt=\"Seerose mit Nikon F4 auf Fuji Velvia 50 - Nikon Coolscan V ED\" width=\"590\" height=\"378\" \/><\/a><\/p>\n<p>&nbsp;<\/p>\n","protected":false},"excerpt":{"rendered":"<p>Mit der Nikon F4 stellte Nikon im Jahr 1988 die erste Profi-Kamera aus eigenem Hause vor, bei der ein Autofokussystem in das Kamerageh\u00e4use integriert war. Es ist die zweiter Zusammenarbeit mit dem Designer\u00a0Giorgio Giugiaro. Die F4 war kein wirklich gro\u00dfer Erfolg, da Canon parallel eine etwas fortschrittlichere Kamera am Start hatte. Auch war die Nachfrage [&hellip;]<\/p>\n","protected":false},"author":2,"featured_media":0,"parent":1828,"menu_order":13,"comment_status":"open","ping_status":"open","template":"","meta":{"jetpack_post_was_ever_published":false,"footnotes":""},"class_list":["post-6391","page","type-page","status-publish","hentry"],"jetpack_shortlink":"https:\/\/wp.me\/P2px01-1F5","jetpack_sharing_enabled":true,"_links":{"self":[{"href":"https:\/\/www.nikonhumors.com\/index.php?rest_route=\/wp\/v2\/pages\/6391","targetHints":{"allow":["GET"]}}],"collection":[{"href":"https:\/\/www.nikonhumors.com\/index.php?rest_route=\/wp\/v2\/pages"}],"about":[{"href":"https:\/\/www.nikonhumors.com\/index.php?rest_route=\/wp\/v2\/types\/page"}],"author":[{"embeddable":true,"href":"https:\/\/www.nikonhumors.com\/index.php?rest_route=\/wp\/v2\/users\/2"}],"replies":[{"embeddable":true,"href":"https:\/\/www.nikonhumors.com\/index.php?rest_route=%2Fwp%2Fv2%2Fcomments&post=6391"}],"version-history":[{"count":0,"href":"https:\/\/www.nikonhumors.com\/index.php?rest_route=\/wp\/v2\/pages\/6391\/revisions"}],"up":[{"embeddable":true,"href":"https:\/\/www.nikonhumors.com\/index.php?rest_route=\/wp\/v2\/pages\/1828"}],"wp:attachment":[{"href":"https:\/\/www.nikonhumors.com\/index.php?rest_route=%2Fwp%2Fv2%2Fmedia&parent=6391"}],"curies":[{"name":"wp","href":"https:\/\/api.w.org\/{rel}","templated":true}]}}

<span class="embed-youtube" style="text-align:center; display: block;"><iframe loading="lazy" class="youtube-player" width="950" height="535" src="https://www.youtube.com/embed/C6eWGbaBbxc?version=3&#038;rel=1&#038;showsearch=0&#038;showinfo=1&#038;iv_load_policy=1&#038;fs=1&#038;hl=de-DE&#038;autohide=2&#038;wmode=transparent" allowfullscreen="true" style="border:0;" sandbox="allow-scripts allow-same-origin allow-popups allow-presentation allow-popups-to-escape-sandbox"></iframe></span>
<p>Mit der Nikon F4 stellte Nikon im Jahr 1988 die erste Profi-Kamera aus eigenem Hause vor, bei der ein Autofokussystem in das Kameragehäuse integriert war. Es ist die zweiter Zusammenarbeit mit dem Designer Giorgio Giugiaro. Die F4 war kein wirklich großer Erfolg, da Canon parallel eine etwas fortschrittlichere Kamera am Start hatte. Auch war die Nachfrage nach der F3 ungebrochen, so dass die eigentlich ältere F3 noch bis 2003 gebaut wurde.</p>
<p>Frühe Modelle der Nikon F4 hatten häufig mit Problemen der Blendensteuerung der Objektive zu kämpfen. Viele Benutzer hatten daher den Eindruck, dass der Belichtungsmesser der F4 unzuverlässig sei. Dies traf aber nicht zu, vielmehr war es ein Problem das auftrat wenn Bilder mit kleiner Blendenöffnung gemacht werden sollte. Bei Exemplaren der F4 mit einer Seriennummer die kleiner als 24xxxxxxx war, konnte man diesen Phänomen beobachten. In heutiger Zeit haben Kameras wie die Fuji Finepix X100 noch mit einem sehr ähnlichen Problem zu kämpfen.</p>
<p>Beim Kauf einer gebrauchten Nikon F4 sollte man unbedingt sicherstellen, dass sich bspw. bei einer langen Verschlusszeit von 1s und Blende 22, die Blende schnell und sichtbar auf den kleinsten Wert schließt.</p>
<p>Hier einige Bilder meiner Nikon F4.</p>
<p><a href="http://anscharius.files.wordpress.com/2012/03/5009315.jpg"><img loading="lazy" decoding="async" class="alignnone size-full wp-image-6395" title="5009315" src="http://anscharius.files.wordpress.com/2012/03/5009315.jpg" alt="Nikon F4 mit AF-D 1.4/85mm" width="590" height="422" /></a></p>
<p><a href="http://anscharius.files.wordpress.com/2012/03/4792219.jpg"><img loading="lazy" decoding="async" class="alignnone size-full wp-image-6394" title="4792219" src="http://anscharius.files.wordpress.com/2012/03/4792219.jpg" alt="Nikon F4 Detail" width="590" height="401" /></a></p>
<p>Hier bin ich mit meiner F4s und dem Sigma 2.8/105mm Macro zu sehen.</p>
<p><a href="http://anscharius.files.wordpress.com/2012/03/ansgar-mit-nikon-f4.jpg"><img loading="lazy" decoding="async" class="alignnone size-full wp-image-6396" title="Ansgar-Mit-Nikon-F4" src="http://anscharius.files.wordpress.com/2012/03/ansgar-mit-nikon-f4.jpg" alt="Ansgar mit Nikon F4 und Sigmar 2.8/105mm Macro" width="590" height="407" /></a></p>
<p>Hier bin ich im Botanischen Garten der Stadt Bonn mit meiner F4s und einem Sigma Telezoom.</p>
<p><a href="http://anscharius.files.wordpress.com/2012/03/3703425.jpg"><img loading="lazy" decoding="async" class="alignnone size-full wp-image-6397" title="3703425" src="http://anscharius.files.wordpress.com/2012/03/3703425.jpg" alt="Ansgar mit Nikon F4s und Sigma Telezoom" width="590" height="392" /></a></p>
<p>Hier eines der Fotos das in diesem Augenblick entstanden ist.</p>
<p><a href="http://anscharius.files.wordpress.com/2012/03/3717513.jpg"><img loading="lazy" decoding="async" class="alignnone size-full wp-image-6398" title="3717513" src="http://anscharius.files.wordpress.com/2012/03/3717513.jpg" alt="Seerose mit Nikon F4 auf Fuji Velvia 50 - Nikon Coolscan V ED" width="590" height="378" /></a></p>
<p>&nbsp;</p>

<p>Mit der Nikon F4 stellte Nikon im Jahr 1988 die erste Profi-Kamera aus eigenem Hause vor, bei der ein Autofokussystem in das Kameragehäuse integriert war. Es ist die zweiter Zusammenarbeit mit dem Designer Giorgio Giugiaro. Die F4 war kein wirklich großer Erfolg, da Canon parallel eine etwas fortschrittlichere Kamera am Start hatte. Auch war die Nachfrage [&hellip;]</p>
