{"id":6378,"date":"2012-03-18T11:24:02","date_gmt":"2012-03-18T10:24:02","guid":{"rendered":"http:\/\/anscharius.wordpress.com\/?page_id=6378"},"modified":"2012-03-18T11:24:02","modified_gmt":"2012-03-18T10:24:02","slug":"nikon-f3","status":"publish","type":"page","link":"https:\/\/www.nikonhumors.com\/?page_id=6378","title":{"rendered":"Nikon F3"},"content":{"rendered":"<span class=\"embed-youtube\" style=\"text-align:center; display: block;\"><iframe loading=\"lazy\" class=\"youtube-player\" width=\"950\" height=\"535\" src=\"https:\/\/www.youtube.com\/embed\/C6eWGbaBbxc?version=3&#038;rel=1&#038;showsearch=0&#038;showinfo=1&#038;iv_load_policy=1&#038;fs=1&#038;hl=de-DE&#038;autohide=2&#038;wmode=transparent\" allowfullscreen=\"true\" style=\"border:0;\" sandbox=\"allow-scripts allow-same-origin allow-popups allow-presentation allow-popups-to-escape-sandbox\"><\/iframe><\/span>\n<p>&nbsp;<\/p>\n<p>Im Jahr 1980 ging die \u00c4ra der vollmechanischen Nikon F2 zu Ende. Die F2 wurde von der F3 abgel\u00f6st, f\u00fcr das Design war erstmals Giorgetto Giugiaro verantwortlich. Mit der F3 hat Nikon eine elektronische Steuerung der Verschlusszeiten eingef\u00fchrt. Viele Profis waren damals sehr skeptisch und hatten die Bef\u00fcrchtung, dass die F3 in einer kritischen Situation wegen einer leeren Batterie ihren Dienst versagen k\u00f6nnte. Daher haben die Nikon Ingenieure eine mechanische Notausl\u00f6sung mit einer Verschlusszeit von 1\/60s realisiert. Die Blitzsynchronzeit lag bei 1\/80s, als k\u00fcrzeste Zeit war 1\/2000s m\u00f6glich. Die l\u00e4ngste fest einstellbare Verschlusszeit waren 8s.<\/p>\n<p>Hier habe ich Euch eine kleine Galerie mit Bildern meiner Nikon F3 zusammen gestellt.<\/p>\n<p><a href=\"http:\/\/anscharius.files.wordpress.com\/2012\/03\/5009519.jpg\"><img loading=\"lazy\" decoding=\"async\" class=\"alignnone size-full wp-image-6382\" title=\"5009519\" src=\"http:\/\/anscharius.files.wordpress.com\/2012\/03\/5009519.jpg\" alt=\"\" width=\"590\" height=\"605\" \/><\/a><\/p>\n<p><a href=\"http:\/\/anscharius.files.wordpress.com\/2012\/03\/5009474.jpg\"><img loading=\"lazy\" decoding=\"async\" class=\"alignnone size-full wp-image-6381\" title=\"5009474\" src=\"http:\/\/anscharius.files.wordpress.com\/2012\/03\/5009474.jpg\" alt=\"Nikon F3 mit SB-17\" width=\"590\" height=\"790\" \/><\/a><\/p>\n<p><a href=\"http:\/\/anscharius.files.wordpress.com\/2012\/03\/5009567.jpg\"><img loading=\"lazy\" decoding=\"async\" class=\"alignnone size-full wp-image-6383\" title=\"5009567\" src=\"http:\/\/anscharius.files.wordpress.com\/2012\/03\/5009567.jpg\" alt=\"\" width=\"590\" height=\"415\" \/><\/a><\/p>\n<p><a href=\"http:\/\/anscharius.files.wordpress.com\/2012\/03\/5009329.jpg\"><img loading=\"lazy\" decoding=\"async\" class=\"alignnone size-full wp-image-6380\" title=\"5009329\" src=\"http:\/\/anscharius.files.wordpress.com\/2012\/03\/5009329.jpg\" alt=\"\" width=\"590\" height=\"605\" \/><\/a><\/p>\n<p><a href=\"http:\/\/anscharius.files.wordpress.com\/2012\/03\/5006902.jpg\"><img loading=\"lazy\" decoding=\"async\" class=\"alignnone size-full wp-image-6379\" title=\"5006902\" src=\"http:\/\/anscharius.files.wordpress.com\/2012\/03\/5006902.jpg\" alt=\"Nikon F3\" width=\"590\" height=\"464\" \/><\/a><\/p>\n","protected":false},"excerpt":{"rendered":"<p>&nbsp; Im Jahr 1980 ging die \u00c4ra der vollmechanischen Nikon F2 zu Ende. Die F2 wurde von der F3 abgel\u00f6st, f\u00fcr das Design war erstmals Giorgetto Giugiaro verantwortlich. Mit der F3 hat Nikon eine elektronische Steuerung der Verschlusszeiten eingef\u00fchrt. Viele Profis waren damals sehr skeptisch und hatten die Bef\u00fcrchtung, dass die F3 in einer kritischen [&hellip;]<\/p>\n","protected":false},"author":2,"featured_media":0,"parent":1828,"menu_order":12,"comment_status":"open","ping_status":"open","template":"","meta":{"jetpack_post_was_ever_published":false,"footnotes":""},"class_list":["post-6378","page","type-page","status-publish","hentry"],"jetpack_shortlink":"https:\/\/wp.me\/P2px01-1ES","jetpack_sharing_enabled":true,"_links":{"self":[{"href":"https:\/\/www.nikonhumors.com\/index.php?rest_route=\/wp\/v2\/pages\/6378","targetHints":{"allow":["GET"]}}],"collection":[{"href":"https:\/\/www.nikonhumors.com\/index.php?rest_route=\/wp\/v2\/pages"}],"about":[{"href":"https:\/\/www.nikonhumors.com\/index.php?rest_route=\/wp\/v2\/types\/page"}],"author":[{"embeddable":true,"href":"https:\/\/www.nikonhumors.com\/index.php?rest_route=\/wp\/v2\/users\/2"}],"replies":[{"embeddable":true,"href":"https:\/\/www.nikonhumors.com\/index.php?rest_route=%2Fwp%2Fv2%2Fcomments&post=6378"}],"version-history":[{"count":0,"href":"https:\/\/www.nikonhumors.com\/index.php?rest_route=\/wp\/v2\/pages\/6378\/revisions"}],"up":[{"embeddable":true,"href":"https:\/\/www.nikonhumors.com\/index.php?rest_route=\/wp\/v2\/pages\/1828"}],"wp:attachment":[{"href":"https:\/\/www.nikonhumors.com\/index.php?rest_route=%2Fwp%2Fv2%2Fmedia&parent=6378"}],"curies":[{"name":"wp","href":"https:\/\/api.w.org\/{rel}","templated":true}]}}