{"id":6338,"date":"2012-03-18T10:38:28","date_gmt":"2012-03-18T09:38:28","guid":{"rendered":"http:\/\/anscharius.wordpress.com\/?page_id=6338"},"modified":"2012-03-18T10:38:28","modified_gmt":"2012-03-18T09:38:28","slug":"nikon-f","status":"publish","type":"page","link":"https:\/\/www.nikonhumors.com\/?page_id=6338","title":{"rendered":"Nikon F"},"content":{"rendered":"<span class=\"embed-youtube\" style=\"text-align:center; display: block;\"><iframe loading=\"lazy\" class=\"youtube-player\" width=\"950\" height=\"535\" src=\"https:\/\/www.youtube.com\/embed\/YsHrcDu_DUg?version=3&#038;rel=1&#038;showsearch=0&#038;showinfo=1&#038;iv_load_policy=1&#038;fs=1&#038;hl=de-DE&#038;autohide=2&#038;wmode=transparent\" allowfullscreen=\"true\" style=\"border:0;\" sandbox=\"allow-scripts allow-same-origin allow-popups allow-presentation allow-popups-to-escape-sandbox\"><\/iframe><\/span>\n<p>&nbsp;<\/p>\n<p><a href=\"http:\/\/anscharius.files.wordpress.com\/2012\/03\/5111375.jpg\"><img loading=\"lazy\" decoding=\"async\" class=\"alignnone size-full wp-image-6339\" title=\"5111375\" src=\"http:\/\/anscharius.files.wordpress.com\/2012\/03\/5111375.jpg\" alt=\"Nikon F\" width=\"590\" height=\"427\" \/><\/a><\/p>\n<p>Vor einigen Jahren habe ich in einer Online-Auktion diese geniale alte total verschrammte Nikon F f\u00fcr kleines Geld erstanden. Seite dieser Zeit habe ich mit dieser Kamera viel fotografiert und bin immer wieder \u00fcberrascht, dass sie nach alle den Jahren noch wirklich gut funktioniert. Der Nachfolger der dieser Kamera war die Nikon F2. Exemplare in gutem Zustand findet man im diversen Online-Auktionen immer wieder f\u00fcr kleines Geld. Meist sind aber der Spiegel-D\u00e4mpfer und die Lichtdichtungen marode. Der Austausch ist nicht weiter schwierig. Passende Dichtungskits erh\u00e4lt man via eBay und Co. f\u00fcr etwa 20 Euro. F\u00fcr den &#8222;Einbau&#8220; ben\u00f6tigt man etwas Alkohol, ein paar Zahnstocher, Wattest\u00e4bchen, Pinzette und kleine Schraubendreher.<\/p>\n<p><a href=\"http:\/\/anscharius.files.wordpress.com\/2012\/03\/5487782.jpg\"><img loading=\"lazy\" decoding=\"async\" class=\"alignnone size-full wp-image-6340\" title=\"5487782\" src=\"http:\/\/anscharius.files.wordpress.com\/2012\/03\/5487782.jpg\" alt=\"\" width=\"590\" height=\"338\" \/><\/a><\/p>\n","protected":false},"excerpt":{"rendered":"<p>&nbsp; Vor einigen Jahren habe ich in einer Online-Auktion diese geniale alte total verschrammte Nikon F f\u00fcr kleines Geld erstanden. Seite dieser Zeit habe ich mit dieser Kamera viel fotografiert und bin immer wieder \u00fcberrascht, dass sie nach alle den Jahren noch wirklich gut funktioniert. Der Nachfolger der dieser Kamera war die Nikon F2. Exemplare [&hellip;]<\/p>\n","protected":false},"author":2,"featured_media":0,"parent":1828,"menu_order":10,"comment_status":"open","ping_status":"closed","template":"","meta":{"jetpack_post_was_ever_published":false,"footnotes":""},"class_list":["post-6338","page","type-page","status-publish","hentry"],"jetpack_shortlink":"https:\/\/wp.me\/P2px01-1Ee","jetpack_sharing_enabled":true,"_links":{"self":[{"href":"https:\/\/www.nikonhumors.com\/index.php?rest_route=\/wp\/v2\/pages\/6338","targetHints":{"allow":["GET"]}}],"collection":[{"href":"https:\/\/www.nikonhumors.com\/index.php?rest_route=\/wp\/v2\/pages"}],"about":[{"href":"https:\/\/www.nikonhumors.com\/index.php?rest_route=\/wp\/v2\/types\/page"}],"author":[{"embeddable":true,"href":"https:\/\/www.nikonhumors.com\/index.php?rest_route=\/wp\/v2\/users\/2"}],"replies":[{"embeddable":true,"href":"https:\/\/www.nikonhumors.com\/index.php?rest_route=%2Fwp%2Fv2%2Fcomments&post=6338"}],"version-history":[{"count":0,"href":"https:\/\/www.nikonhumors.com\/index.php?rest_route=\/wp\/v2\/pages\/6338\/revisions"}],"up":[{"embeddable":true,"href":"https:\/\/www.nikonhumors.com\/index.php?rest_route=\/wp\/v2\/pages\/1828"}],"wp:attachment":[{"href":"https:\/\/www.nikonhumors.com\/index.php?rest_route=%2Fwp%2Fv2%2Fmedia&parent=6338"}],"curies":[{"name":"wp","href":"https:\/\/api.w.org\/{rel}","templated":true}]}}