{"id":6115,"date":"2012-02-23T18:47:58","date_gmt":"2012-02-23T18:47:58","guid":{"rendered":"http:\/\/anscharius.wordpress.com\/?page_id=6115"},"modified":"2012-05-02T22:28:31","modified_gmt":"2012-05-02T22:28:31","slug":"erlebte-geschichten","status":"publish","type":"page","link":"https:\/\/www.nikonhumors.com\/?page_id=6115","title":{"rendered":"Erlebte Geschichten"},"content":{"rendered":"<p>In dieser Rubrik findet Ihr nicht nur Geschichten von mir sondern auch von Lesern die mir ihre ganz pers\u00f6nliche Geschichte zugeschickt haben.<\/p>\n<p>An dieser Stelle mein Aufruf an alle Leser deren &#8222;Fotografischer Lebenslauf&#8220; \u00e4hnlich spannend ist wie die erste Geschichte die Rolf mir geschickt hat.<\/p>\n<p>Hier noch einige Bilder aus meiner Vergangenheit. Beginnen wir mit der Zeit als ich noch ganz winzig klein war und trotzdem schon zwei Geschwister hatte. Einige Jahre nach diesem Bild ist noch ein kleiner Bruder hinzugekommen, er hat mich allerdings in der &#8222;L\u00e4nge&#8220; schnell \u00fcberholt. So ist er heute mein &#8222;kleiner gro\u00dfer Bruder&#8220; und ich bin sein &#8222;gro\u00dfer kleiner&#8220; Bruder &#8211; so kann das gehen!<\/p>\n<p><a href=\"http:\/\/anscharius.files.wordpress.com\/2012\/02\/6507819.jpg\"><img loading=\"lazy\" decoding=\"async\" class=\"alignnone size-full wp-image-6120\" title=\"6507819\" src=\"http:\/\/anscharius.files.wordpress.com\/2012\/02\/6507819.jpg\" alt=\"\" width=\"561\" height=\"800\" \/><\/a><\/p>\n<p>Sp\u00e4ter sollte ich dann lernen wie man Fl\u00f6te spielt. Das wurde aber nichts, statt dessen hatte es mir das Klavier angetan. Und diese Leidenschaft ist bei heute geblieben. Mit etwa 30 Jahren kam dann der Faible f\u00fcr elektrische Gitarren hinzu&#8230;<\/p>\n<p><a href=\"http:\/\/anscharius.files.wordpress.com\/2012\/02\/6507885.jpg\"><img loading=\"lazy\" decoding=\"async\" class=\"alignnone size-full wp-image-6119\" title=\"6507885\" src=\"http:\/\/anscharius.files.wordpress.com\/2012\/02\/6507885.jpg\" alt=\"\" width=\"590\" height=\"415\" \/><\/a><\/p>\n<p>Mit 18 hatte ich einen dieser schrecklichen Oberlippenb\u00e4rte die sich heute nur noch Polizisten leisten k\u00f6nnen&#8230;<\/p>\n<p><a href=\"http:\/\/anscharius.files.wordpress.com\/2012\/02\/6507980.jpg\"><img loading=\"lazy\" decoding=\"async\" class=\"alignnone size-full wp-image-6121\" title=\"6507980\" src=\"http:\/\/anscharius.files.wordpress.com\/2012\/02\/6507980.jpg\" alt=\"\" width=\"590\" height=\"804\" \/><\/a><\/p>\n<p>Mein erstes Auto war ein VW-K\u00e4fer. Ich habe ihn geliebt und doch nach etwa 14 Tagen zu Schrott gefahren. Danach war die Kasse leer und es hat nur noch f\u00fcr einen schrottreifen Opel Ascona gereicht. Diesen habe ich viele Jahre vor dem T\u00dcV und dem Schrott gerettet. Irgendwann habe ich ihn sogar selbst lackiert und das sah wirklich crazy aus&#8230;<\/p>\n<p><a href=\"http:\/\/anscharius.files.wordpress.com\/2012\/02\/6508200.jpg\"><img loading=\"lazy\" decoding=\"async\" class=\"alignnone size-full wp-image-6122\" title=\"6508200\" src=\"http:\/\/anscharius.files.wordpress.com\/2012\/02\/6508200.jpg\" alt=\"\" width=\"590\" height=\"415\" \/><\/a><\/p>\n<p>Mein Vater hat immer gesagt, das Kennzeichen st\u00fcnde f\u00fcr &#8222;Verr\u00fcckter-Ansgar&#8220;. Was es mit der 279 auf sich hatte ist mir nie klar geworden&#8230;<\/p>\n<p><a href=\"http:\/\/anscharius.files.wordpress.com\/2012\/02\/6508326.jpg\"><img loading=\"lazy\" decoding=\"async\" class=\"alignnone size-full wp-image-6123\" title=\"6508326\" src=\"http:\/\/anscharius.files.wordpress.com\/2012\/02\/6508326.jpg\" alt=\"\" width=\"590\" height=\"356\" \/><\/a><\/p>\n<p>Noch heute denke ich an die N\u00e4chte in der Garage mit neuer Zylinderkopfdichtung, Schwei\u00dfger\u00e4t, Kupplungsscheiben, Benzinpumpen, Lichtmaschinen und Anlasser. An diesem Opel war so ziemlich alles mal defekt, eigentlich h\u00e4tte er schon viel eher auf den Schrott geh\u00f6rt. Aber ich habe viel dadurch gelernt. Leider sind die modernen Autos so komplex, dass man eigentlich kaum noch etwas selbst reparieren kann. Aber damals war es wirklich cool und bei jeder Probefahrt war ich \u00fcbergl\u00fccklich was ich wieder repariert und neu dazugelernt hatte.<\/p>\n","protected":false},"excerpt":{"rendered":"<p>In dieser Rubrik findet Ihr nicht nur Geschichten von mir sondern auch von Lesern die mir ihre ganz pers\u00f6nliche Geschichte zugeschickt haben. An dieser Stelle mein Aufruf an alle Leser deren &#8222;Fotografischer Lebenslauf&#8220; \u00e4hnlich spannend ist wie die erste Geschichte die Rolf mir geschickt hat. Hier noch einige Bilder aus meiner Vergangenheit. Beginnen wir mit [&hellip;]<\/p>\n","protected":false},"author":2,"featured_media":0,"parent":0,"menu_order":4,"comment_status":"open","ping_status":"closed","template":"","meta":{"jetpack_post_was_ever_published":false,"footnotes":""},"class_list":["post-6115","page","type-page","status-publish","hentry"],"jetpack_shortlink":"https:\/\/wp.me\/P2px01-1AD","jetpack_sharing_enabled":true,"_links":{"self":[{"href":"https:\/\/www.nikonhumors.com\/index.php?rest_route=\/wp\/v2\/pages\/6115","targetHints":{"allow":["GET"]}}],"collection":[{"href":"https:\/\/www.nikonhumors.com\/index.php?rest_route=\/wp\/v2\/pages"}],"about":[{"href":"https:\/\/www.nikonhumors.com\/index.php?rest_route=\/wp\/v2\/types\/page"}],"author":[{"embeddable":true,"href":"https:\/\/www.nikonhumors.com\/index.php?rest_route=\/wp\/v2\/users\/2"}],"replies":[{"embeddable":true,"href":"https:\/\/www.nikonhumors.com\/index.php?rest_route=%2Fwp%2Fv2%2Fcomments&post=6115"}],"version-history":[{"count":1,"href":"https:\/\/www.nikonhumors.com\/index.php?rest_route=\/wp\/v2\/pages\/6115\/revisions"}],"predecessor-version":[{"id":6747,"href":"https:\/\/www.nikonhumors.com\/index.php?rest_route=\/wp\/v2\/pages\/6115\/revisions\/6747"}],"wp:attachment":[{"href":"https:\/\/www.nikonhumors.com\/index.php?rest_route=%2Fwp%2Fv2%2Fmedia&parent=6115"}],"curies":[{"name":"wp","href":"https:\/\/api.w.org\/{rel}","templated":true}]}}