{"id":6,"date":"2010-10-16T19:01:50","date_gmt":"2010-10-16T19:01:50","guid":{"rendered":"http:\/\/anscharius.wordpress.com\/?page_id=2"},"modified":"2012-05-04T17:08:54","modified_gmt":"2012-05-04T15:08:54","slug":"about","status":"publish","type":"page","link":"https:\/\/www.nikonhumors.com\/?page_id=6","title":{"rendered":"\u00dcber mich"},"content":{"rendered":"<p><a href=\"https:\/\/www.nikonhumors.com\/?attachment_id=6945\" rel=\"attachment wp-att-6945\"><img loading=\"lazy\" decoding=\"async\" class=\"alignnone size-full wp-image-6945\" title=\"Ansgar-Fe\" src=\"https:\/\/www.nikonhumors.com\/wp-content\/uploads\/2010\/10\/Ansgar-Fe.jpg\" alt=\"\" width=\"590\" height=\"434\" srcset=\"https:\/\/www.nikonhumors.com\/wp-content\/uploads\/2010\/10\/Ansgar-Fe.jpg 590w, https:\/\/www.nikonhumors.com\/wp-content\/uploads\/2010\/10\/Ansgar-Fe-235x172.jpg 235w\" sizes=\"auto, (max-width: 590px) 100vw, 590px\" \/><\/a><\/p>\n<p>Kurz ein paar Worte zur Person:<\/p>\n<ul>\n<li>Ansgar Hillebrand, Jahrgang 1964, aufgewachsen im Ruhrgebiet.<\/li>\n<li>Nach dem Studium der Elektrotechnik Umzug nach Bonn.<\/li>\n<li>Arbeit bei einem Microsoft Systemhaus.<\/li>\n<li>Von 1997 bis 2007 Arbeit als angestellter Unternehmensberater.<\/li>\n<li>Seit 2007 Freelancer mit Schwerpunkt Softwareentwicklung mit Microsoft C#<\/li>\n<li>Seit 2009 zus\u00e4tzlich Gesch\u00e4ftsf\u00fchrer bei <a title=\"Hier geht es zu meinem Find-Art-Shop\" href=\"http:\/\/www.magnumprints.com\" target=\"_blank\">www.magnumprints.com<\/a><\/li>\n<\/ul>\n<p>Mein Steckenpferd ist die Fotografie, meist verwende ich dabei Nikon Kameras. Wenn die Zeit es zul\u00e4sst benutze ich aber gern auch einmal &#8222;Klassiker&#8220; wie Hasselblad 500C\/W, Hasselblad SWC, Mamiya RZ-67 oder Rolleiflex 3.5f. Seit einigen Monaten habe ich auch viel mit einer Fuji FinePix X100 fotografiert. Auch wenn Nikon Kameras den Schwerpunkt dieses BLOGs bilden, so werdet Ihr hier doch immer wieder mal Artikel zu anderen Fotoger\u00e4ten finden. Das st\u00f6rt hoffentlich nicht, ich selbst schaue gern \u00fcber den Tellerrand und einige meiner besten Freunde fotografieren sogar sehr erfolgreich mit diversen Canon, Sony und Olympus-Kameras. :-)<\/p>\n<p>In diesem BLOG habe ich die Artikel der letzten Jahre zusammengefasst, die sich mit dem Thema &#8222;Fotografie&#8220; besch\u00e4ftigen.<\/p>\n<p>In loser Folge gibt es hier immer mal wieder den einen oder anderen nicht ganz ernst gemeinten Beitrag zu wundersamen Dingen aus der sch\u00f6nen bunten Nikon Fotowelt. Das sieht dann etwa so aus:<\/p>\n<p><a href=\"https:\/\/www.nikonhumors.com\/?attachment_id=6953\" rel=\"attachment wp-att-6953\"><img loading=\"lazy\" decoding=\"async\" class=\"alignnone size-large wp-image-6953\" title=\"Nikon-D800-Bald-auch-farbig\" src=\"https:\/\/www.nikonhumors.com\/wp-content\/uploads\/2010\/10\/Nikon-D800-Bald-auch-farbig-a27542672-590x555.jpg\" alt=\"\" width=\"590\" height=\"555\" srcset=\"https:\/\/www.nikonhumors.com\/wp-content\/uploads\/2010\/10\/Nikon-D800-Bald-auch-farbig-a27542672-590x555.jpg 590w, https:\/\/www.nikonhumors.com\/wp-content\/uploads\/2010\/10\/Nikon-D800-Bald-auch-farbig-a27542672-235x221.jpg 235w, https:\/\/www.nikonhumors.com\/wp-content\/uploads\/2010\/10\/Nikon-D800-Bald-auch-farbig-a27542672.jpg 1000w\" sizes=\"auto, (max-width: 590px) 100vw, 590px\" \/><\/a><\/p>\n<p><a href=\"https:\/\/www.nikonhumors.com\/?attachment_id=6957\" rel=\"attachment wp-att-6957\"><img loading=\"lazy\" decoding=\"async\" class=\"alignnone size-large wp-image-6957\" title=\"Nikon-D4x-Windows-8-Edition\" src=\"https:\/\/www.nikonhumors.com\/wp-content\/uploads\/2010\/10\/Nikon-D4x-Windows-8-Edition-a26283839-590x463.jpg\" alt=\"\" width=\"590\" height=\"463\" srcset=\"https:\/\/www.nikonhumors.com\/wp-content\/uploads\/2010\/10\/Nikon-D4x-Windows-8-Edition-a26283839-590x463.jpg 590w, https:\/\/www.nikonhumors.com\/wp-content\/uploads\/2010\/10\/Nikon-D4x-Windows-8-Edition-a26283839-235x184.jpg 235w, https:\/\/www.nikonhumors.com\/wp-content\/uploads\/2010\/10\/Nikon-D4x-Windows-8-Edition-a26283839.jpg 1000w\" sizes=\"auto, (max-width: 590px) 100vw, 590px\" \/><\/a><\/p>\n<p><a href=\"https:\/\/www.nikonhumors.com\/?attachment_id=6959\" rel=\"attachment wp-att-6959\"><img loading=\"lazy\" decoding=\"async\" class=\"alignnone size-large wp-image-6959\" title=\"NIkon-D4-left\" src=\"https:\/\/www.nikonhumors.com\/wp-content\/uploads\/2010\/10\/NIkon-D4-left-a26923020-590x552.jpg\" alt=\"\" width=\"590\" height=\"552\" srcset=\"https:\/\/www.nikonhumors.com\/wp-content\/uploads\/2010\/10\/NIkon-D4-left-a26923020-590x552.jpg 590w, https:\/\/www.nikonhumors.com\/wp-content\/uploads\/2010\/10\/NIkon-D4-left-a26923020-235x219.jpg 235w, https:\/\/www.nikonhumors.com\/wp-content\/uploads\/2010\/10\/NIkon-D4-left-a26923020.jpg 1000w\" sizes=\"auto, (max-width: 590px) 100vw, 590px\" \/><\/a><\/p>\n<p><a href=\"https:\/\/www.nikonhumors.com\/?attachment_id=6960\" rel=\"attachment wp-att-6960\"><img loading=\"lazy\" decoding=\"async\" class=\"alignnone  wp-image-6960\" title=\"Canikon-1D4x\" src=\"https:\/\/www.nikonhumors.com\/wp-content\/uploads\/2010\/10\/Canikon-1D4x-a26931947-566x590.jpg\" alt=\"\" width=\"566\" height=\"590\" srcset=\"https:\/\/www.nikonhumors.com\/wp-content\/uploads\/2010\/10\/Canikon-1D4x-a26931947-566x590.jpg 566w, https:\/\/www.nikonhumors.com\/wp-content\/uploads\/2010\/10\/Canikon-1D4x-a26931947-225x235.jpg 225w, https:\/\/www.nikonhumors.com\/wp-content\/uploads\/2010\/10\/Canikon-1D4x-a26931947.jpg 961w\" sizes=\"auto, (max-width: 566px) 100vw, 566px\" \/><\/a><\/p>\n<p>&nbsp;<\/p>\n","protected":false},"excerpt":{"rendered":"<p>Kurz ein paar Worte zur Person: Ansgar Hillebrand, Jahrgang 1964, aufgewachsen im Ruhrgebiet. Nach dem Studium der Elektrotechnik Umzug nach Bonn. Arbeit bei einem Microsoft Systemhaus. Von 1997 bis 2007 Arbeit als angestellter Unternehmensberater. Seit 2007 Freelancer mit Schwerpunkt Softwareentwicklung mit Microsoft C# Seit 2009 zus\u00e4tzlich Gesch\u00e4ftsf\u00fchrer bei www.magnumprints.com Mein Steckenpferd ist die Fotografie, meist [&hellip;]<\/p>\n","protected":false},"author":2,"featured_media":0,"parent":0,"menu_order":1,"comment_status":"open","ping_status":"closed","template":"","meta":{"jetpack_post_was_ever_published":false,"footnotes":""},"class_list":["post-6","page","type-page","status-publish","hentry"],"jetpack_shortlink":"https:\/\/wp.me\/P2px01-6","jetpack_sharing_enabled":true,"_links":{"self":[{"href":"https:\/\/www.nikonhumors.com\/index.php?rest_route=\/wp\/v2\/pages\/6","targetHints":{"allow":["GET"]}}],"collection":[{"href":"https:\/\/www.nikonhumors.com\/index.php?rest_route=\/wp\/v2\/pages"}],"about":[{"href":"https:\/\/www.nikonhumors.com\/index.php?rest_route=\/wp\/v2\/types\/page"}],"author":[{"embeddable":true,"href":"https:\/\/www.nikonhumors.com\/index.php?rest_route=\/wp\/v2\/users\/2"}],"replies":[{"embeddable":true,"href":"https:\/\/www.nikonhumors.com\/index.php?rest_route=%2Fwp%2Fv2%2Fcomments&post=6"}],"version-history":[{"count":19,"href":"https:\/\/www.nikonhumors.com\/index.php?rest_route=\/wp\/v2\/pages\/6\/revisions"}],"predecessor-version":[{"id":6939,"href":"https:\/\/www.nikonhumors.com\/index.php?rest_route=\/wp\/v2\/pages\/6\/revisions\/6939"}],"wp:attachment":[{"href":"https:\/\/www.nikonhumors.com\/index.php?rest_route=%2Fwp%2Fv2%2Fmedia&parent=6"}],"curies":[{"name":"wp","href":"https:\/\/api.w.org\/{rel}","templated":true}]}}