{"id":2117,"date":"2011-02-09T00:33:49","date_gmt":"2011-02-08T23:33:49","guid":{"rendered":"http:\/\/anscharius.wordpress.com\/?page_id=2117"},"modified":"2011-02-09T00:33:49","modified_gmt":"2011-02-08T23:33:49","slug":"nikon-p7000","status":"publish","type":"page","link":"https:\/\/www.nikonhumors.com\/?page_id=2117","title":{"rendered":"Nikon P7000"},"content":{"rendered":"<p>In der letzten Woche kam es abends \u00fcber mich und ich habe mir kurz entschlossen bei Amazon f\u00fcr 448 Euro eine Nikon P7000 geordert. Am Montag nach der Arbeit lag sie dann auch schon im meinem Appartement auf dem Tisch.\u00a0Die Bedienungsanleitung hat ungelogen 240 Seiten und ich habe mir das PDF bei Nikon heruntergeladen. Beim Versuch das abends im Bett auf dem iPad zu lesen ist selbiges ersteinmal komplett ausgestiegen. Nicht einmal abschalten lies es sich noch. Ich habe den Schalter oben rechts richtig lange festgehalten und dann ist es irgendwann einfach aus gegangen. Nach dem Neustart lief es wieder. Der zweite &#8222;Leseversuch&#8220; diesmal auf meinem HTC Desire HD war leider ebenso wenig von Erfolg gekr\u00f6nt &#8211; der Adobe Acrobat Reader auf dem Handy hat einfach nur eine graue Seite angezeigt&#8230;<\/p>\n<p>Jedenfalls war im Bett noch genug Zeit ein wenig zu st\u00f6bern was das neue Wunderding denn alles kann.<\/p>\n<p>Und siehe da, abgesehen von der oben beschriebenen Einschr\u00e4nkung, kann das kleine Ding echt ne Menge!!<\/p>\n<p>Hier nun mein erstes HDR aus der neuen Nikon P7000. Wer es in Originalgr\u00f6\u00dfe sehen m\u00f6chte klickt es einfach an&#8230;<\/p>\n<p><a href=\"http:\/\/anscharius.files.wordpress.com\/2011\/02\/p7000-hdr01.jpg\"><img loading=\"lazy\" decoding=\"async\" class=\"alignnone size-full wp-image-2118\" title=\"P7000-HDR01\" src=\"http:\/\/anscharius.files.wordpress.com\/2011\/02\/p7000-hdr01.jpg\" alt=\"Mein erstes HDR mit der neuen Nikon P7000\" width=\"590\" height=\"442\" \/><\/a><\/p>\n<p>Die Einzelbilder sehen so aus:<\/p>\n<p><a href=\"http:\/\/anscharius.files.wordpress.com\/2011\/02\/rohbilder.jpg\"><img loading=\"lazy\" decoding=\"async\" class=\"alignnone size-full wp-image-2119\" title=\"Belichtungsreihe\" src=\"http:\/\/anscharius.files.wordpress.com\/2011\/02\/rohbilder.jpg\" alt=\"Belichtungsreihe aus der Nikon P7000\" width=\"590\" height=\"645\" \/><\/a><\/p>\n<p>Das Pfiffige dan der P7000 ist, dass sie keinen Spiegel hat und daher praktisch v\u00f6llig ersch\u00fctterungsfrei ausl\u00f6sen kann. Stellt man die Belichtungsreihen (Bracketing) ein, so macht sie alle Bilder in einem Rutsch.<\/p>\n<p><strong>Vorbereitungen f\u00fcr die HDR-Verarbeitung<\/strong><\/p>\n<p><em>Leider funktioniert das nicht wenn man den Selbstausl\u00f6ser oder dem Infrarot-Ausl\u00f6ser benutzt. <\/em><\/p>\n<p><strong>Update:\u00a0Mit der aktuellen kostenlosen Firmware kann man nun auch Belichtungsreihen via Selbstausl\u00f6ser oder Nikon ML-L3 Infrarot-Ausl\u00f6ser fotografieren!\u00a0<\/strong><\/p>\n<p><em>Hier braucht man also ein stabiles Stativ und muss die einzelnen Bilder ggf. sp\u00e4ter erst &#8222;ausrichten&#8220; bevor man ein HDR erstellen kann. F\u00fcr das Ausrichten k\u00f6nnte man die einzelnen Bilder bspw. in Photoshop in mehreren Ebenen \u00fcbereinander legen. Bei den einzelnen Ebenen dann bspw. 50% \u00a0einstellen und die Ebenen dann so verschieben, dass alles perfekt zusammen passt. Dann stellt man wieder 100% Deckkraft ein und aktiviert jeweils eine Ebene und speichert sie in einzelnen Dateien. Das ist leider recht zeitaufw\u00e4ndig und es passt nicht immer wirklich gut. Auch muss man alle Ebenen oft noch ein wenig via &#8222;Crop&#8220; beschneiden, damit es sp\u00e4ter im HDR an den R\u00e4ndern keinen hellen oder dunklen Streifen gibt, weil man vielleicht eine Ebene ein St\u00fcck nach oben oder unten schieben musste damit die Bildinhalte zusammen passen.<\/em><\/p>\n<p>Nachdem ein Update installiert ist, kann man sogar die RAW-Bilder der P7000 in Nikon Capture NX \u00f6ffnen.<\/p>\n<p>Da l\u00e4\u00dft sich dann bereits aus einem Bild schon fast das herausholen was man sonst nur mit einem HDR hinbekommt. Doch im direkten Vergleich hat das HDR einfach weniger Bildrauschen und sch\u00f6nere Farben.<\/p>\n<p>So sieht die RAW-Konvertierung mit Nikon Capture NX 2.2.6 aus:<\/p>\n<p><a href=\"http:\/\/anscharius.files.wordpress.com\/2011\/02\/raw-konvertierung.jpg\"><img loading=\"lazy\" decoding=\"async\" class=\"alignnone size-full wp-image-2125\" title=\"RAW-Konvertierung\" src=\"http:\/\/anscharius.files.wordpress.com\/2011\/02\/raw-konvertierung.jpg\" alt=\"\" width=\"590\" height=\"331\" \/><\/a><\/p>\n<p>So sieht das konvertierte JPG aus. Auch hier einfach drauf klicken um es in Originalgr\u00f6\u00dfe anschauen zu k\u00f6nnen.<\/p>\n<p><a href=\"http:\/\/anscharius.files.wordpress.com\/2011\/02\/dscn0801.jpg\"><img loading=\"lazy\" decoding=\"async\" class=\"alignnone size-full wp-image-2126\" title=\"DSCN0801\" src=\"http:\/\/anscharius.files.wordpress.com\/2011\/02\/dscn0801.jpg\" alt=\"\" width=\"590\" height=\"442\" \/><\/a><\/p>\n<p>In den n\u00e4chsten Tagen werde ich immer mal wieder neue Testbilder dieser coolen kleinen Kamera hier einstellen.<\/p>\n<p>Hier habe ich zwei Knipsbilder die ich heute auf dem Parkplatz kurz nach Feierabend gemacht habe.<\/p>\n<p><a href=\"http:\/\/anscharius.files.wordpress.com\/2011\/02\/dscn0771.jpg\"><img loading=\"lazy\" decoding=\"async\" class=\"alignnone size-full wp-image-2121\" title=\"DSCN0771\" src=\"http:\/\/anscharius.files.wordpress.com\/2011\/02\/dscn0771.jpg\" alt=\"\" width=\"590\" height=\"443\" \/><\/a><\/p>\n<p><a href=\"http:\/\/anscharius.files.wordpress.com\/2011\/02\/dscn0767.jpg\"><img loading=\"lazy\" decoding=\"async\" class=\"alignnone size-full wp-image-2122\" title=\"DSCN0767\" src=\"http:\/\/anscharius.files.wordpress.com\/2011\/02\/dscn0767.jpg\" alt=\"\" width=\"590\" height=\"443\" \/><\/a><\/p>\n<p>Hier in perspektivisch entzerrtes HDR des Mainzer Doms. Den Mond habe ich separat mit 135mm Brennweite fotografiert, der Dom ist mit 28mm Brennweite aufgenommen. Den Mond habe ich dann dort eingesetzt wo im HDR nur ein wei\u00dfer Fleck war.<\/p>\n<p><a href=\"http:\/\/anscharius.files.wordpress.com\/2011\/02\/mainzer-dom-hdr01.jpg\"><img loading=\"lazy\" decoding=\"async\" class=\"alignnone size-full wp-image-2150\" title=\"Mainzer-Dom-HDR01\" src=\"http:\/\/anscharius.files.wordpress.com\/2011\/02\/mainzer-dom-hdr01.jpg\" alt=\"\" width=\"590\" height=\"868\" \/><\/a><\/p>\n<p>Hier ein Freihandfoto bei ISO 200:<\/p>\n<p><a href=\"http:\/\/anscharius.files.wordpress.com\/2011\/02\/dscn0819-crop1.jpg\"><img loading=\"lazy\" decoding=\"async\" class=\"alignnone size-full wp-image-2161\" title=\"DSCN0819-Crop\" src=\"http:\/\/anscharius.files.wordpress.com\/2011\/02\/dscn0819-crop1.jpg\" alt=\"\" width=\"590\" height=\"871\" \/><\/a><\/p>\n<p>Noch ein \u00a0v\u00f6llig unbearbeitetes &#8222;Testbild&#8220; aus der gleichen Mainzer Einkaufspassage.<\/p>\n<p><a href=\"http:\/\/anscharius.files.wordpress.com\/2011\/02\/dscn0812.jpg\"><img loading=\"lazy\" decoding=\"async\" class=\"alignnone size-full wp-image-2163\" title=\"DSCN0812\" src=\"http:\/\/anscharius.files.wordpress.com\/2011\/02\/dscn0812.jpg\" alt=\"\" width=\"590\" height=\"442\" \/><\/a><\/p>\n<p>Hier eine Testbild bei dem das &#8222;Szenenprogramm Feuerwerk&#8220; eingeschaltet war. Eigentlich sollte die Kamera dabei auf einem Stativ stehen, ganz witzig wird es wenn man sie einfach in der Hand h\u00e4lt und ein wenig herum wackelt :-)<\/p>\n<p><a href=\"http:\/\/anscharius.files.wordpress.com\/2011\/02\/dscn0891.jpg\"><img loading=\"lazy\" decoding=\"async\" class=\"alignnone size-full wp-image-2165\" title=\"DSCN0891\" src=\"http:\/\/anscharius.files.wordpress.com\/2011\/02\/dscn0891.jpg\" alt=\"Szenenprogramm - FEUERWERK\" width=\"590\" height=\"442\" \/><\/a><\/p>\n<p>Hier noch ein kleiner &#8222;Aufl\u00f6sungstest&#8220; &#8211; es geht um die Aufl\u00f6sung der Kamera nicht der Leber!!! (Unbedingt anklicken und in der \u00a0100% Ansicht genie\u00dfen &#8211; hicks&#8230;)<\/p>\n<p><a href=\"http:\/\/anscharius.files.wordpress.com\/2011\/02\/dscn0895-crop.jpg\"><img loading=\"lazy\" decoding=\"async\" class=\"alignnone size-full wp-image-2167\" title=\"DSCN0895-Crop\" src=\"http:\/\/anscharius.files.wordpress.com\/2011\/02\/dscn0895-crop.jpg\" alt=\"Aufl\u00f6sungstestbild - Hicks...\" width=\"590\" height=\"241\" \/><\/a><\/p>\n","protected":false},"excerpt":{"rendered":"<p>In der letzten Woche kam es abends \u00fcber mich und ich habe mir kurz entschlossen bei Amazon f\u00fcr 448 Euro eine Nikon P7000 geordert. Am Montag nach der Arbeit lag sie dann auch schon im meinem Appartement auf dem Tisch.\u00a0Die Bedienungsanleitung hat ungelogen 240 Seiten und ich habe mir das PDF bei Nikon heruntergeladen. Beim [&hellip;]<\/p>\n","protected":false},"author":2,"featured_media":0,"parent":1828,"menu_order":20,"comment_status":"open","ping_status":"closed","template":"","meta":{"jetpack_post_was_ever_published":false,"footnotes":""},"class_list":["post-2117","page","type-page","status-publish","hentry"],"jetpack_shortlink":"https:\/\/wp.me\/P2px01-y9","jetpack_sharing_enabled":true,"_links":{"self":[{"href":"https:\/\/www.nikonhumors.com\/index.php?rest_route=\/wp\/v2\/pages\/2117","targetHints":{"allow":["GET"]}}],"collection":[{"href":"https:\/\/www.nikonhumors.com\/index.php?rest_route=\/wp\/v2\/pages"}],"about":[{"href":"https:\/\/www.nikonhumors.com\/index.php?rest_route=\/wp\/v2\/types\/page"}],"author":[{"embeddable":true,"href":"https:\/\/www.nikonhumors.com\/index.php?rest_route=\/wp\/v2\/users\/2"}],"replies":[{"embeddable":true,"href":"https:\/\/www.nikonhumors.com\/index.php?rest_route=%2Fwp%2Fv2%2Fcomments&post=2117"}],"version-history":[{"count":0,"href":"https:\/\/www.nikonhumors.com\/index.php?rest_route=\/wp\/v2\/pages\/2117\/revisions"}],"up":[{"embeddable":true,"href":"https:\/\/www.nikonhumors.com\/index.php?rest_route=\/wp\/v2\/pages\/1828"}],"wp:attachment":[{"href":"https:\/\/www.nikonhumors.com\/index.php?rest_route=%2Fwp%2Fv2%2Fmedia&parent=2117"}],"curies":[{"name":"wp","href":"https:\/\/api.w.org\/{rel}","templated":true}]}}