{"id":1965,"date":"2011-01-27T20:23:19","date_gmt":"2011-01-27T20:23:19","guid":{"rendered":"https:\/\/anscharius.wordpress.com\/?page_id=1965"},"modified":"2012-05-02T22:28:18","modified_gmt":"2012-05-02T22:28:18","slug":"photoshop","status":"publish","type":"page","link":"https:\/\/www.nikonhumors.com\/?page_id=1965","title":{"rendered":"Photoshop"},"content":{"rendered":"<p>Hier habe ich ein paar Tipps &amp; Tricks zusammengestellt die Euch vielleicht helfen mehr aus Euren Bildern zu machen. Ich freue mich \u00fcber Feedback und interessante neue Tricks. Z\u00f6gert also nicht mir Eure Ideen mitzuteilen.<\/p>\n<h1>Der Fingertrick<\/h1>\n<p>Seit ich unter mein erstes Bild in der focotommunity geschrieben habe, dass ich dort den \u201cFingertrick\u201d verwendet habe, werde ich immer wieder gefragt was das denn wohl f\u00fcr ein Trick ist. Dieses Geheimnis m\u00f6chte ich ganz am Anfang meiner kleinen Serie aufkl\u00e4ren.<\/p>\n<h3>Vorgeschichte<\/h3>\n<p>Ich fotografiere gern \u201cgegen das Licht\u201d \u2013 ich wei\u00df, eigentlich macht man das nicht und unsere V\u00e4ter haben uns allen ja auch beigebracht, dass das keine gute Idee ist. Selbst in den meisten Bedienungsanleitungen moderner digitaler Kameras steht, dass man niemals direkt in die Sonne knipsen sollte.<\/p>\n<p>Das ist auch berechtigt, denn Gegenlichtbilder sind in der Regel kontrastarm, oft unterbelichtet und sehen meist irgendwie bl\u00f6d aus. Ist das Objektiv ung\u00fcnstig fokussiert, kann es auch schon mal den Autofokus verbrennen. Aber egal, nichts ist ohne Risiko und das Leben ist grunds\u00e4tzlich lebensgef\u00e4hrlich.<\/p>\n<p>Als ich begann mich mit Belichtungsreichen und der HDR-Technik zu besch\u00e4ftigen wurde mir schnell klar, dass man damit auch krasse Kontraste in den Griff bekommen kann. Doch was ist mit den Spiegel- und Geisterbildern die bei frontaler Sonneneinstrahlung durch Totalreflektion an den Oberfl\u00e4chen der Linsen innerhalb des Objektivs entstehen? Irgendwann kam ich dann auf die Idee mit dem Fingertrick\u2026<\/p>\n<h3>So wird\u2019s gemacht<\/h3>\n<p>Der Fingertrick basiert auf der Idee jeweils zwei v\u00f6llig identisch belichtete Bilder zu machen. Bei einem der Bilder deckt man die Sonne mit einem Finger oder einem St\u00fcck Pappe oder \u00e4hnlichem ab. Sp\u00e4ter macht man dann via EBV aus zwei Bildern ein Bild. In Photoshop k\u00f6nnte man beispielsweise beide Bilder in zwei Ebenen \u00fcbereinander legen. In der oberen Ebene w\u00e4re das Bild mit dem Finger. Man erzeugt sich dann eine Ebenenmaske und retuschiert mit einem dicken Pinsel bei 100% Deckkraft und weichem Rand den Finger einfach weg, so dass man direkt in die Sonne schaut.<\/p>\n<p>Bereits mit diesem kleinen Trick erh\u00e4lt man h\u00e4ufig ein tolles Gegenlichtfoto, das keine st\u00f6renden Reflektionen aufweist und kr\u00e4ftige Kontraste zeigt.<\/p>\n<p>Hier ein einfaches Beispiel:<a href=\"http:\/\/anscharius.files.wordpress.com\/2011\/01\/dsc61291.jpg\"><img loading=\"lazy\" decoding=\"async\" style=\"background-image:none;padding-left:0;padding-right:0;display:inline;padding-top:0;border-width:0;\" title=\"_DSC6129\" src=\"http:\/\/anscharius.files.wordpress.com\/2011\/01\/dsc6129_thumb1.jpg\" border=\"0\" alt=\"_DSC6129\" width=\"560\" height=\"371\" \/><\/a><\/p>\n<h3><a href=\"http:\/\/anscharius.files.wordpress.com\/2011\/01\/dsc61381.jpg\"><img loading=\"lazy\" decoding=\"async\" style=\"background-image:none;padding-left:0;padding-right:0;display:inline;padding-top:0;border-width:0;\" title=\"_DSC6138\" src=\"http:\/\/anscharius.files.wordpress.com\/2011\/01\/dsc6138_thumb1.jpg\" border=\"0\" alt=\"_DSC6138\" width=\"560\" height=\"371\" \/><\/a><\/h3>\n<p>Sie sieht dann das kombinierte Bild aus:<\/p>\n<p><a href=\"http:\/\/anscharius.files.wordpress.com\/2011\/01\/dsc6129-ps1.jpg\"><img loading=\"lazy\" decoding=\"async\" style=\"background-image:none;padding-left:0;padding-right:0;display:inline;padding-top:0;border-width:0;\" title=\"_DSC6129-PS\" src=\"http:\/\/anscharius.files.wordpress.com\/2011\/01\/dsc6129-ps_thumb1.jpg\" border=\"0\" alt=\"_DSC6129-PS\" width=\"560\" height=\"371\" \/><\/a><\/p>\n<p>Hier sieht man sehr sch\u00f6n, wie die beiden Bilder \u00fcbereinander liegen und wie \u00fcber die Ebenenmaske der Finger aus dem oberen Bild entfernt wurde.<\/p>\n<p><a href=\"http:\/\/anscharius.files.wordpress.com\/2011\/01\/ps011.png\"><img loading=\"lazy\" decoding=\"async\" style=\"background-image:none;padding-left:0;padding-right:0;display:inline;padding-top:0;border-width:0;\" title=\"ps01\" src=\"http:\/\/anscharius.files.wordpress.com\/2011\/01\/ps01_thumb1.png\" border=\"0\" alt=\"ps01\" width=\"560\" height=\"315\" \/><\/a><\/p>\n<p><a href=\"http:\/\/anscharius.files.wordpress.com\/2011\/01\/ps031.png\"><img loading=\"lazy\" decoding=\"async\" style=\"background-image:none;padding-left:0;padding-right:0;display:inline;padding-top:0;border-width:0;\" title=\"ps03\" src=\"http:\/\/anscharius.files.wordpress.com\/2011\/01\/ps03_thumb1.png\" border=\"0\" alt=\"ps03\" width=\"560\" height=\"315\" \/><\/a><\/p>\n<h3>Kombination mit HDR<\/h3>\n<p>Reicht der mittels eines Bildes erreichbare Kontrastumfang nicht aus, so bieten sich Belichtungsreihen an. Meine Nikon D2x oder auch die D300 beherrschen bis zu 9 unterschiedlich belichtete Bilder. Kombiniert man dies mit dem \u201cFingertrick\u201d, kommt man schnell auf 18 Bilder pro Motiv! Dabei muss nat\u00fcrlich die Kamera so sicher wie irgend m\u00f6glich auf einem stabilen Stativ stehen. Ber\u00fchren sollte man sie w\u00e4hrend der 18 Bilder \u00dcBERHAUPT NICHT. Daher bietet sich ein Kabelausl\u00f6ser an. Den Autofokus sollte man abschalten, eben so die\u00a0 Belichtungsautomatik. Und nat\u00fcrlich braucht es ein relativ statisches Motiv wie bspw. einen Sonnenaufgang.<\/p>\n<p>Der so erzielbare Tonwertumfang ist schlichtweg gewaltig! Macht man inkl. Fingertrick 18 Aufnahmen die jeweils um eine Blendenstufe verschieden sind, bekommt man jede noch so krasse Gegenlichtsituation in den Griff.<\/p>\n<h3>Vorbereitungen und Tonemapping<\/h3>\n<p>Will man die absolut h\u00f6chste Bildqualit\u00e4t erzielen fotografiert man im RAW-Modus. Aus den maximal 18 RAW-Bildern erstellt man zuerst 18 TIFF-Dateien mit 16-Bit Farbtiefe. Hat man den Fingertrick korrekt angewendet m\u00fcssen zun\u00e4chst die paarweise aufgenommenen Fotos (mit und ohne Finger) zu jeweils einem Bild zusammengesetzt werden. Diese 9 TIFF-Dateien l\u00e4dt man dann mit einem HDR-Tool wie bspw. Photomatix Pro 4.0 und f\u00fchrt ein Tonemapping aus. Ziel dieses Arbeitsschrittes ist es, den gigantischen Tonwertumfang so zusammen zu schieben, dass er auf einem Monitor angezeigt und mit einem Drucker oder Belichter ausgegeben werden kann.<\/p>\n<p><a href=\"http:\/\/anscharius.files.wordpress.com\/2011\/01\/paarweise.png\"><img loading=\"lazy\" decoding=\"async\" style=\"background-image:none;padding-left:0;padding-right:0;display:inline;padding-top:0;border:0;\" title=\"paarweise\" src=\"http:\/\/anscharius.files.wordpress.com\/2011\/01\/paarweise_thumb.png\" border=\"0\" alt=\"paarweise\" width=\"560\" height=\"189\" \/><\/a><\/p>\n<p>Dieser Schritt ist der einfachste und zugleich der schwierigste. Einfach, weil die Software alles allein errechnet. Schwierig, weil die vielen Parameter immer wieder neue Varianten erlauben und man irgendwann nicht mehr wei\u00df was sch\u00f6n ist und was nicht. Auch gibt es hier kein Patentrezept. Alles ist dem pers\u00f6nlichen Geschmack \u00fcberlassen und der geht nicht nur manchmal sonderbare Wege, er \u00e4ndert sich auch mit der Zeit!<\/p>\n<p>Hier habe ich ein paar Screenshots des HDR-Programms \u201cBracketeer\u201d gemacht, das es im neuen Apple Mac-Appstore f\u00fcr 3,99 Euro zu kaufen gab.<\/p>\n<p><a href=\"http:\/\/anscharius.files.wordpress.com\/2011\/01\/source.png\"><img loading=\"lazy\" decoding=\"async\" style=\"background-image:none;padding-left:0;padding-right:0;display:inline;padding-top:0;border:0;\" title=\"source\" src=\"http:\/\/anscharius.files.wordpress.com\/2011\/01\/source_thumb.png\" border=\"0\" alt=\"source\" width=\"270\" height=\"753\" \/><\/a><a href=\"http:\/\/anscharius.files.wordpress.com\/2011\/01\/settings.png\"><img loading=\"lazy\" decoding=\"async\" style=\"background-image:none;padding-left:0;padding-right:0;display:inline;padding-top:0;border:0;\" title=\"settings\" src=\"http:\/\/anscharius.files.wordpress.com\/2011\/01\/settings_thumb.png\" border=\"0\" alt=\"settings\" width=\"264\" height=\"753\" \/><\/a><\/p>\n<p><a href=\"http:\/\/anscharius.files.wordpress.com\/2011\/01\/preview.png\"><img loading=\"lazy\" decoding=\"async\" style=\"background-image:none;padding-left:0;padding-right:0;display:inline;padding-top:0;border:0;\" title=\"preview\" src=\"http:\/\/anscharius.files.wordpress.com\/2011\/01\/preview_thumb.png\" border=\"0\" alt=\"preview\" width=\"560\" height=\"577\" \/><\/a><\/p>\n<h3>Ausarbeitung in Photoshop<\/h3>\n<p>Nach dem Tonemapping kann man das Ergebnis dann in Photoshop \u00f6ffnen und die Korrekturen ausf\u00fchren die vielleicht noch notwendig sind. Ich habe meist einen leichten \u201cKnick in der Pupille\u201d und muss bei der Mherzahl meiner Fotos den Horizont gerade r\u00fccken. Wer will schon ein Meer sehen, dass gleich droht seitlich aus dem Bild heraus zu flie\u00dfen?<\/p>\n<p>Ist alles korrigiert speichere ich das Ergebnis als unkomprimiertes 16-Bit TIFF. Danach wird es verkleinert, \u00fcber den Reliefkanal nachgesch\u00e4rft und dann bei flickr, der fotocommunity oder anderen Plattformen gezeigt. Wie man ein Bild \u00fcber den Reliefkanal \u201cnachsch\u00e4rft\u201d erkl\u00e4re ich i nden n\u00e4chsten Tagen.<\/p>\n<p>Hier ist das fertige Bild.<\/p>\n<p><a href=\"http:\/\/anscharius.files.wordpress.com\/2011\/01\/hdr-01.jpg\"><img loading=\"lazy\" decoding=\"async\" class=\"alignnone size-full wp-image-2012\" title=\"hdr-01\" src=\"http:\/\/anscharius.files.wordpress.com\/2011\/01\/hdr-01.jpg\" alt=\"Das fertige Endergebnis des kleinen HDR-Workshops\" width=\"590\" height=\"391\" \/><\/a><\/p>\n<p>Ist alles fertig, kann man das Bild dann bei flickr, fototreff24, <a href=\"http:\/\/www.fotocommunity.de\/pc\/pc\/mypics\/586976\/display\/23694901\" target=\"_blank\">fotocommunity<\/a> oder anderswo zeigen :-)<\/p>\n","protected":false},"excerpt":{"rendered":"<p>Hier habe ich ein paar Tipps &amp; Tricks zusammengestellt die Euch vielleicht helfen mehr aus Euren Bildern zu machen. Ich freue mich \u00fcber Feedback und interessante neue Tricks. Z\u00f6gert also nicht mir Eure Ideen mitzuteilen. Der Fingertrick Seit ich unter mein erstes Bild in der focotommunity geschrieben habe, dass ich dort den \u201cFingertrick\u201d verwendet habe, [&hellip;]<\/p>\n","protected":false},"author":2,"featured_media":0,"parent":0,"menu_order":3,"comment_status":"open","ping_status":"closed","template":"","meta":{"jetpack_post_was_ever_published":false,"footnotes":""},"class_list":["post-1965","page","type-page","status-publish","hentry"],"jetpack_shortlink":"https:\/\/wp.me\/P2px01-vH","jetpack_sharing_enabled":true,"_links":{"self":[{"href":"https:\/\/www.nikonhumors.com\/index.php?rest_route=\/wp\/v2\/pages\/1965","targetHints":{"allow":["GET"]}}],"collection":[{"href":"https:\/\/www.nikonhumors.com\/index.php?rest_route=\/wp\/v2\/pages"}],"about":[{"href":"https:\/\/www.nikonhumors.com\/index.php?rest_route=\/wp\/v2\/types\/page"}],"author":[{"embeddable":true,"href":"https:\/\/www.nikonhumors.com\/index.php?rest_route=\/wp\/v2\/users\/2"}],"replies":[{"embeddable":true,"href":"https:\/\/www.nikonhumors.com\/index.php?rest_route=%2Fwp%2Fv2%2Fcomments&post=1965"}],"version-history":[{"count":2,"href":"https:\/\/www.nikonhumors.com\/index.php?rest_route=\/wp\/v2\/pages\/1965\/revisions"}],"predecessor-version":[{"id":6746,"href":"https:\/\/www.nikonhumors.com\/index.php?rest_route=\/wp\/v2\/pages\/1965\/revisions\/6746"}],"wp:attachment":[{"href":"https:\/\/www.nikonhumors.com\/index.php?rest_route=%2Fwp%2Fv2%2Fmedia&parent=1965"}],"curies":[{"name":"wp","href":"https:\/\/api.w.org\/{rel}","templated":true}]}}